ate i(8).
-82
Let w(v) = -7471*v - 82171. What is w(-11)?
10
Let y(s) = -514*s + 4109. Determine y(8).
-3
Let p(d) = 4*d**2 + 386*d + 4618. Calculate p(-14).
-2
Let q(i) = -295*i + 6492. Determine q(22).
2
Let k(a) = 3*a**2 - 42*a - 363. Determine k(20).
-3
Let z(h) = 464*h + 23675. What is z(-51)?
11
Let w(m) = -2*m**3 - 23*m**2 - 46*m + 6. Give w(-3).
-9
Let k(v) = -v**3 + 8*v**2 - 23*v + 46. Calculate k(6).
-20
Let o(p) = p**3 - 51*p**2 - 27*p + 1378. Calculate o(51).
1
Let l(g) = -224*g - 29583. Calculate l(-132).
-15
Let g(b) = -b**2 - 164*b + 13435. What is g(-224)?
-5
Let c(l) = l**3 + 44*l**2 + 37*l - 254. What is c(-43)?
4
Let d(f) = 98*f - 102. Give d(-7).
-788
Let o(j) = 7*j - 67. Calculate o(-5).
-102
Let u(v) = v**2 + 4503*v - 36069. What is u(8)?
19
Let b(a) = 34*a**2 + 5*a - 2. What is b(3)?
319
Let q(p) = -261*p - 1833. Give q(-7).
-6
Let w(h) = -39*h - 2314. Give w(-60).
26
Let j(g) = 409*g - 2054. Give j(5).
-9
Let l(d) = 6*d**2 - 91*d + 679. Determine l(7).
336
Let v(a) = -748*a**3 - 5*a**2 + 16*a - 10. Calculate v(1).
-747
Let j(y) = -19*y - 4. Determine j(-2).
34
Let o(l) = -26*l**2 - 5*l + 1. Give o(-1).
-20
Let d(r) = -140*r - 2518. What is d(-18)?
2
Let w(p) = p**2 - 34*p + 204. Calculate w(25).
-21
Let l(o) = 5*o**3 - 25*o**2 - 22*o + 3. What is l(-1)?
-5
Let g(z) = -z**2 - 14*z + 26. What is g(-17)?
-25
Let d(i) = 27*i**3 - 14*i - 15. Give d(0).
-15
Let d(l) = -l**3 - 18*l**2 - 78*l + 43. Determine d(-7).
50
Let k(b) = 2*b**2 - 31*b + 12. What is k(15)?
-3
Let g(t) = -t**3 + 67*t**2 - 1122*t + 6. Calculate g(33).
6
Let t(c) = -5*c**2 + 104*c - 60. Calculate t(26).
-736
Let w(o) = o**2 - 88*o + 952. Give w(15).
-143
Let g(k) = 2*k**3 + 110*k**2 - 115*k - 152. Calculate g(-56).
16
Let m(k) = -177*k - 4224. Calculate m(-24).
24
Let u(c) = 89*c - 3768. Give u(42).
-30
Let j(s) = -s**3 - 20*s**2 - 193*s - 3863. Calculate j(-20).
-3
Let b(u) = u**2 + 74*u - 8239. Give b(61).
-4
Let y(t) = -5*t**3 + 2551*t**2 - 2556*t + 5. Give y(1).
-5
Let c(t) = -5*t - 152. Give c(-36).
28
Let g(j) = -60*j**3 - 2*j**2 + 2*j - 4. Give g(-2).
464
Let t(b) = -2*b**2 + 58*b + 46. Calculate t(30).
-14
Let z(p) = -6*p**3 + 5*p + 18. Give z(4).
-346
Let t(n) = -3*n**2 + 53*n + 44. Calculate t(20).
-96
Let o(g) = -35*g**2 + 344*g + 38. Give o(10).
-22
Let b(i) = -68*i + 288. Give b(4).
16
Let x(a) = 11*a - 191. What is x(-7)?
-268
Let v(o) = 10*o**2 + 139*o + 469. Determine v(-6).
-5
Let d(l) = 11646*l - 11642. Calculate d(1).
4
Let n(t) = t**3 + 18*t**2 - 5*t - 81. Give n(-18).
9
Let p(l) = -11*l**3 - l**2 + 17*l + 8. Calculate p(-2).
58
Let f(p) = -11*p**2 - 41*p - 83. Give f(-2).
-45
Let v(s) = 2434*s + 19466. Give v(-8).
-6
Let n(y) = 9*y**2 + 28*y. Determine n(-3).
-3
Let m(z) = -z**2 - 231*z - 1580. Give m(-7).
-12
Let m(s) = s**2 + 42*s + 403. Calculate m(-21).
-38
Let n(l) = -140*l + 1896. Calculate n(15).
-204
Let o(y) = 71*y - 1500. Calculate o(20).
-80
Let x(p) = -4*p**3 + 10*p**2 + 20*p + 10. Give x(-1).
4
Let f(i) = 2*i**2 + 101*i + 642. What is f(-43)?
-3
Let j(w) = -56*w + 1282. Determine j(23).
-6
Let z(w) = -w**3 - 41*w**2 - 416*w - 55. What is z(-23)?
-9
Let k(z) = 48*z**3 + 38*z**2 - 5*z. Determine k(-1).
-5
Let o(x) = x**2 + 25*x - 176. What is o(-28)?
-92
Let y(s) = -s**3 - 31*s**2 - 206*s + 286. Calculate y(-21).
202
Let t(r) = r**3 + 25*r**2 + 115*r + 14. What is t(-19)?
-5
Let n(g) = -g**2 - 46*g - 27. What is n(-48)?
-123
Let v(r) = 18*r**2 + 124*r - 3. Determine v(-7).
11
Let k(a) = -a**3 + 71*a**2 - 186*a + 8116. Determine k(70).
-4
Let x(n) = -38*n - 1263. Determine x(-32).
-47
Let a(v) = v + 329. Give a(-36).
293
Let v(a) = a**3 - 4*a**2 - 19*a + 64. Calculate v(5).
-6
Let h(l) = -935*l - 125282. Give h(-134).
8
Let o(j) = -9952*j - 9948. Calculate o(-1).
4
Let v(w) = -w**3 - 20*w**2 + 24*w + 44. What is v(-21)?
-19
Let o(s) = -32*s + 439. Calculate o(14).
-9
Let i(q) = 232*q - 746. Determine i(3).
-50
Let n(b) = -4*b**2 + 4*b + 69. Calculate n(-5).
-51
Let m(v) = -v**3 - 24*v**2 + 21*v - 114. What is m(-25)?
-14
Let k(n) = -11*n + 303. What is k(27)?
6
Let g(h) = -h**2 - 281*h - 7534. What is g(-251)?
-4
Let v(s) = 2*s**3 + 66*s**2 + 65*s + 41. Calculate v(-32).
9
Let v(l) = -l**2 - 15*l + 40. What is v(11)?
-246
Let k(c) = -c**2 - 48*c - 648. What is k(-30)?
-108
Let m(h) = 30*h + 676. Determine m(-22).
16
Let q(l) = -6*l**3 - 497*l**2 + 84*l + 84. Determine q(-83).
1
Let k(m) = -m**3 - 60*m**2 - 16*m - 976. Determine k(-60).
-16
Let f(t) = t**2 + 50*t - 272. Give f(-55).
3
Let b(f) = 6*f - 518. What is b(72)?
-86
Let a(b) = -23*b - 140. Give a(-6).
-2
Let p(a) = -a**3 - 10*a**2 - 4*a + 10. Calculate p(-9).
-35
Let p(m) = 26*m**2 - 41*m - 40. Determine p(-1).
27
Let j(t) = -5*t**2 - 218*t - 145. Determine j(-43).
-16
Let b(k) = -21*k**3 - 4*k**2 + 17*k + 20. What is b(-1)?
20
Let n(s) = -2*s**2 + 19*s - 8. Determine n(12).
-68
Let y(o) = 251*o - 791. Calculate y(3).
-38
Let m(h) = 2708*h - 46035. Calculate m(17).
1
Let b(o) = -o**3 - 4*o**2 - 1120*o - 6802. Give b(-6).
-10
Let r(u) = 5*u**2 + 46*u - 377. Determine r(5).
-22
Let i(g) = 6*g**3 + 52*g**2 + 2*g + 1. Calculate i(0).
1
Let a(w) = -w**3 - 8*w**2 - 15*w - 23. What is a(-5)?
-23
Let n(a) = a**3 - 29*a**2 - 64*a - 12. Calculate n(31).
-74
Let r(y) = 249*y + 4481. Determine r(-18).
-1
Let g(z) = -7*z**3 - 2655*z**2 - 769*z - 4173. Calculate g(-379).
-4
Let d(b) = -24*b**3 + 4*b**2 + 8*b - 9. Give d(1).
-21
Let j(g) = -15*g - 293. What is j(-18)?
-23
Let s(g) = 24*g - 307. Give s(7).
-139
Let g(r) = -8*r**2 + 109*r - 333. Determine g(9).
0
Let l(z) = 5*z**3 - 10*z**2 + 12*z - 25. Determine l(3).
56
Let z(s) = -s**3 - 7*s**2 + 60*s + 30. Determine z(-12).
30
Let d(g) = -g**2 - 7*g - 69. Determine d(-5).
-59
Let j(d) = 2*d**2 - 407*d + 804. What is j(2)?
-2
Let m(w) = 999*w + 13990. Give m(-14).
4
Let c(w) = -12*w + 505. What is c(44)?
-23
Let j(y) = -30*y - 1671. Calculate j(-45).
-321
Let j(c) = 44*c + 234. What is j(-5)?
14
Let c(n) = n**3 - 2*n**2 - 40*n + 12. Determine c(-5).
37
Let x(g) = -947*g - 6629. Give x(-7).
0
Let f(u) = u**3 + 2*u**2 - 129*u + 128. Determine f(1).
2
Let x(j) = 57*j + 321. Give x(-5).
36
Let i(a) = 138*a + 406. What is i(-3)?
-8
Let n(t) = t**3 - 16*t**2 + 25*t + 31. Give n(14).
-11
Let y(p) = p**3 + 18*p**2 + 61*p - 17. What is y(-13)?
35
Let p(k) = k**2 - 35*k - 804. Give p(-16).
12
Let n(h) = -90*h**3 - 4*h**2 + 10*h - 7. Determine n(1).
-91
Let s(g) = 18*g**2 - 643*g + 45. Calculate s(36).
225
Let m(d) = d**2 + 36*d + 371. Give m(-31).
216
Let o(z) = 2*z**3 - 22*z**2 + 11*z - 1307. Calculate o(14).
23
Let q(c) = 3*c**3 - 85*c**2 - 152*c + 69. Give q(30).
9
Let b(a) = 3*a**3 - 29*a + 117. Give b(4).
193
Let c(v) = -5*v**3 + 38*v**2 - 64*v + 294. Give c(7).
-7
Let x(u) = 208*u + 38. Calculate x(-1).
-170
Let a(r) = 4*r**2 - 12*r - 6. Determine a(-3).
66
Let v(a) = 18*a + 1332. What is v(-75)?
-18
Let z(a) = -2*a**2 - 6*a + 587. Calculate z(14).
111
Let l(d) = d**2 + 33*d - 400. Calculate l(-43).
30
Let a(x) = -x**3 + 44*x**2 - 401*x - 56. Determine a(31).
6
Let x(r) = -2*r**2 + 59*r + 29. Give x(32).
-131
Let d(j) = -j**3 + 58*j**2 - 218*j + 86. Calculate d(54).
-22
Let g(q) = -4*q**2 + q + 1431. Give g(19).
6
Let i(r) = r**2 + 106*r + 2793. Determine i(-58).
9
Let z(j) = 4*j**2 - 7187*j + 14365. Determine z(2).
7
Let w(o) = 14*o**2 + 11*o - 6. Give w(-3).
87
Let b(v) = 13263*v - 106105. Determine b(8).
-1
Let k(g) = -g**2 - 3*g + 17. What is k(-14)?
-137
Let n(y) = 477*y + 20514. Give n(-43).
3
Let m(q) = q**2 + 30*q + 342. Determine m(-25).
217
Let d(y) = -y**2 - 20*y + 852. Calculate d(-43).
-137
Let v(n) = 4*n**2 + 2*n + 5. Calculate v(-2).
17
Let n(p) = 52*p**3 + 2*p**2 + 8*p + 12. What is n(-2)?
-412
Let q(a) = -a**2 + 7*a - 54. What is q(4)?
-42
Let h(j) = 284*j - 2099. What is h(7)?
-111
Let f(l) = -129*l**2 - 773*l + 9. Determine f(-6).
3
Let o(x) = x**2 - 13*x + 20. Give o(6).
-22
Let g(v) = v**3 - 18*v**2 - 97*v + 1751. Determine g(18).
5
Let f(v) = 2*v**3 + 10*v**2 - 142*v - 625. Give f(-9).
5
Let y(r) = r**3 - 86*r**2 + 1766*r + 114. Determine y(52).
10
Let u(v) = -v**3 - 12*v**2 + 132*v - 52. Calculate u(-19).
-33
Let b(x) = x**3 - 68*x**2 - 150*x + 267. Determine b(70).
-433
Let s(b) = -551*b + 55668. Give s(101)